e
Is 465113741 a composite number?
True
Is 2607519205 composite?
True
Is 422664163 a prime number?
True
Is 10916088607 prime?
True
Is 1677128273 composite?
False
Is 16344068393 composite?
False
Is 286903927 prime?
False
Is 55450088833 prime?
False
Is 438806039 prime?
False
Is 1556482699 prime?
True
Is 28637230295 composite?
True
Is 583832383 prime?
True
Is 44283898 a prime number?
False
Is 17542739261 prime?
True
Is 466783123 a composite number?
False
Is 6220312633 a prime number?
True
Is 3820188851 a prime number?
False
Is 8820094237 a prime number?
True
Is 26092241611 a prime number?
False
Is 97460810567 composite?
True
Is 3895927313 composite?
True
Is 1575451019 a prime number?
False
Is 28070891887 composite?
False
Is 930087269 prime?
False
Is 386257733 a prime number?
False
Is 2349169049 a composite number?
False
Is 64699181 composite?
False
Is 387525113 a prime number?
False
Is 23729709149 a composite number?
False
Is 403845755 composite?
True
Is 252892399 a composite number?
False
Is 10151460659 prime?
False
Is 73797622823 prime?
True
Is 5698689877 a prime number?
True
Is 726577409 a prime number?
True
Is 81663193 composite?
True
Is 4304370509 a prime number?
False
Is 686511523 a prime number?
False
Is 21234835049 prime?
False
Is 961068763 a composite number?
True
Is 217534567 a composite number?
True
Is 331317413961 a prime number?
False
Is 2133728743 a prime number?
True
Is 6107660569 a composite number?
False
Is 2120970479 composite?
False
Is 70781251691 a composite number?
False
Is 77197010117 a prime number?
True
Is 21997551523 a composite number?
True
Is 40673147349 composite?
True
Is 40222863589 prime?
True
Is 10950408173 a prime number?
True
Is 889415489 composite?
True
Is 57075265101 a prime number?
False
Is 1250829443 prime?
False
Is 1495811533 prime?
True
Is 205169983 a prime number?
False
Is 11684986 a composite number?
True
Is 20603315183 prime?
False
Is 694894747 prime?
False
Is 1070805035 prime?
False
Is 3644657323 composite?
False
Is 11439168509 prime?
True
Is 7870365091 prime?
False
Is 6304642777 prime?
True
Is 184068133 a prime number?
False
Is 1164090077 prime?
True
Is 25853185051 prime?
False
Is 560557709 prime?
False
Is 5227325674 prime?
False
Is 77565519667 a prime number?
True
Is 3576011051 composite?
False
Is 23738335177 a composite number?
False
Is 30055168679 a composite number?
False
Is 3197981711 composite?
False
Is 1851960481 a composite number?
True
Is 931917479 a composite number?
False
Is 443781451 a prime number?
False
Is 12967229491 prime?
True
Is 779513797 composite?
True
Is 15090703333 a composite number?
False
Is 829138363 prime?
False
Is 18389479027 prime?
False
Is 896942071 a composite number?
False
Is 253730501 composite?
False
Is 511929155545 composite?
True
Is 16154826307 composite?
False
Is 307100743 a composite number?
True
Is 313448557 prime?
True
Is 130285801 a composite number?
True
Is 18199709579 prime?
False
Is 2210888321 a composite number?
False
Is 38843883131 composite?
False
Is 4280741 a composite number?
False
Is 8758311461 a prime number?
True
Is 789046711 composite?
False
Is 243882630857 a prime number?
True
Is 20511880063 composite?
True
Is 15082087151 a prime number?
False
Is 2588476251 prime?
False
Is 60567310247 prime?
False
Is 99086941 prime?
True
Is 9096619853 prime?
False
Is 21644080447 a composite number?
True
Is 1763305931 prime?
False
Is 127009027 prime?
True
Is 41607411917 a prime number?
True
Is 2413450439 a prime number?
False
Is 6314714713 prime?
False
Is 4890911387 prime?
False
Is 4811282129 a composite number?
False
Is 9256000751 a prime number?
True
Is 50888476649 composite?
True
Is 21994254701 a composite number?
True
Is 142308769 composite?
False
Is 114635233243 prime?
True
Is 763537739 composite?
True
Is 36637189487 a prime number?
True
Is 2727993929 a prime number?
True
Is 54941249 composite?
True
Is 568094741 a prime number?
True
Is 7948304774 composite?
True
Is 6591439447 composite?
True
Is 1505696119 a prime number?
True
Is 45240971 composite?
False
Is 10374543367 a composite number?
True
Is 4249339697 a prime number?
True
Is 4292964167 a prime number?
True
Is 718407409 prime?
False
Is 309537889 a prime number?
True
Is 2361233257 a prime number?
True
Is 2662634783 composite?
True
Is 58344309949 prime?
False
Is 1782516845 composite?
True
Is 1450860149 a prime number?
True
Is 410078268335 prime?
False
Is 28048564553 composite?
True
Is 92261807 composite?
True
Is 2085105991 prime?
False
Is 1581988313 composite?
False
Is 4853654371 composite?
False
Is 3307898873 prime?
False
Is 82721025133 prime?
True
Is 680374129 composite?
True
Is 6176453533 prime?
False
Is 3178968949 a prime number?
False
Is 334496342 composite?
True
Is 20262448909 prime?
True
Is 1197797537 a prime number?
True
Is 44263374107 a prime number?
True
Is 51240696755 composite?
True
Is 135681859 a composite number?
False
Is 12170654711 prime?
False
Is 56485476097 composite?
False
Is 260969069 composite?
False
Is 92157557 a composite number?
True
Is 235064261 a prime number?
False
Is 290663179 prime?
True
Is 24448944661 a prime number?
True
Is 100106835961 a composite number?
True
Is 30689998841 a composite number?
True
Is 32552229979 a composite number?
False
Is 2823499171 a composite number?
True
Is 2131644061 composite?
True
Is 340508933 a prime number?
True
Is 2924953799 composite?
False
Is 7858419397 prime?
True
Is 102730911 composite?
True
Is 1895394287 composite?
True
Is 4050270439 prime?
False
Is 394376413 prime?
True
Is 43091122213 prime?
True
Is 30215699179 prime?
False
Is 14277643 prime?
False
Is 7835416891 composite?
False
Is 7406563321 a composite number?
True
Is 716522801 prime?
False
Is 1286135171 composite?
False
Is 292897823 composite?
True
Is 58016897 a prime number?
False
Is 38604368437 a prime number?
False
Is 30305161889 a prime number?
True
Is 59300651 composite?
True
Is 213266441 a composite number?
False
Is 12604097191 prime?
False
Is 2544314705 a prime number?
False
Is 351689201 composite?
True
Is 11366591303 composite?
False
Is 924616531 prime?
True
Is 2241060098 a prime number?
False
Is 2616625703 prime?
False
Is 26132486573 a composite number?
False
Is 2538478529 prime?
False
Is 2883281341 a composite number?
False
Is 8973650839 a prime number?
True
Is 736532311 prime?
False
Is 1220848457 a prime number?
True
Is 12077601649 a prime number?
True
Is 14019372467 composite?
False
Is 33114057593 prime?
True
Is 2186281819 composite?
True
Is 1098025595 a composite number?
True
Is 3242218753 a prime number?
True
Is 2016738653 prime?
True
Is 10031106203 prime?
False
Is 4974568763 prime?
True
Is 5029606711 composite?
False
Is 755971862 composite?
True
Is 12350712622 a prime number?
False
Is 61413463121 prime?
True
Is 294467735971 composite?
True
Is 4752894929 a prime number?
True
Is 324040226123 prime?
True
Is 18229027079 composite?
False
Is 12780946601 a prime number?
True
Is 13304327353 prime?
False
Is 1589159149 prime?
False
Is 7074927991 a prime number?
True
Is 1634674753 prime?
True
Is 67797173 composite?
True
Is 1301683501 a composite number?
False
Is 273224759 prime?
True
Is 684350171 prime?
True
Is 2432092097 composite?
True
Is 2557830263 a composite number?
False
Is 124008151469 a prime number?
False
Is 1500082411 a composite number?
False
Is 676298593 composite?
True
Is 3681460997 a prime number?
True
Is 23394977251 a composite number?
False
Is 2243104783 a prime number?
False
Is 731873963 composite?
True
Is 504655559 a composite number?
True
Is 32956653239 composite?
False
Is 559749269 a prime number?
False
Is 2206818667 composite?
False
Is 128387380601 composite?
True
Is 952466273 a composite number?
True
Is 9900828247 composite?
False
Is 2512247213 prime?
False
Is 595544381 a prime number?
True
Is 65504113 composite?
False
Is 10780127201 a composite number?
True
Is 311998123 a prime number?
True
Is 423904961 prime?
False
Is 3419248093 composite?
False
Is 759287213 composite?
True
Is 12880836679 a composite number?
False
Is 192961221 a composite number?
True
Is 28727656289 a prime number?
False
Is 236329501879 a prime number?
True
Is 27304876087 a prime number?
True
Is 279822019 prime?
False
Is 218657267 composite?
False
Is 111289439 a composite number?
False
Is 665